{"id":56,"date":"2020-02-19T09:09:42","date_gmt":"2020-02-19T08:09:42","guid":{"rendered":"https:\/\/wp.blasmusik-gebenbach.de\/?page_id=56"},"modified":"2025-08-23T09:38:07","modified_gmt":"2025-08-23T07:38:07","slug":"nachwuchsorchester","status":"publish","type":"page","link":"https:\/\/wp.blasmusik-gebenbach.de\/?page_id=56","title":{"rendered":"Nachwuchsorchester"},"content":{"rendered":"\n<div class=\"wp-block-uagb-advanced-heading uagb-block-1c31a5f8\"><h1 class=\"uagb-heading-text\">Das Nachwuchsorchester<\/h1><div class=\"uagb-separator\"><\/div><\/div>\n\n\n\n<p>In unserem Nachwuchsorchester hat sich die letzten Jahre viel getan. Wir sind mittlerweile nicht mehr nur eine Gruppe musizierender Kinder und Jugendlicher, sondern sind zu einem bunt gemischten Ensemble aus Jung und Alt herangewachsen. Dabei reicht die Bandbreite der Mitglieder von Kindern aus der Instrumentalausbildung, \u00fcber motivierte Musiker mit einem Zweit- oder Drittinstrument, ebenso auch Wiedereinsteiger, bis hin zu Senioren und nat\u00fcrlich alle Musikfreunde, welche schon jahrelang das Nachwuchsorchester begleiten. <\/p>\n\n\n<div class=\"wp-block-image\">\n<figure class=\"aligncenter size-large is-resized\"><a href=\"https:\/\/wp.blasmusik-gebenbach.de\/wp-content\/uploads\/NWO-Fr\u00fchjahrskonzert.jpg\" data-rel=\"lightbox-image-0\" data-magnific_type=\"image\" data-rl_title=\"NWO Fr\u00fchjahrskonzert\" data-rl_caption=\"\" title=\"NWO Fr\u00fchjahrskonzert\"><img loading=\"lazy\" decoding=\"async\" width=\"1024\" height=\"642\" src=\"https:\/\/wp.blasmusik-gebenbach.de\/wp-content\/uploads\/NWO-Fr\u00fchjahrskonzert-1024x642.jpg\" alt=\"Nachwuchsorchester bei seinem Auftritt zum Fr\u00fchjahrskonzert\" class=\"wp-image-1659\" style=\"width:512px;height:321px\" srcset=\"https:\/\/wp.blasmusik-gebenbach.de\/wp-content\/uploads\/NWO-Fr\u00fchjahrskonzert-1024x642.jpg 1024w, https:\/\/wp.blasmusik-gebenbach.de\/wp-content\/uploads\/NWO-Fr\u00fchjahrskonzert-300x188.jpg 300w, https:\/\/wp.blasmusik-gebenbach.de\/wp-content\/uploads\/NWO-Fr\u00fchjahrskonzert-768x481.jpg 768w, https:\/\/wp.blasmusik-gebenbach.de\/wp-content\/uploads\/NWO-Fr\u00fchjahrskonzert-1536x962.jpg 1536w, https:\/\/wp.blasmusik-gebenbach.de\/wp-content\/uploads\/NWO-Fr\u00fchjahrskonzert.jpg 1920w\" sizes=\"auto, (max-width: 1024px) 100vw, 1024px\" \/><\/a><figcaption class=\"wp-element-caption\">Nachwuchsorchester bei seinem Auftritt zum Fr\u00fchjahrskonzert<\/figcaption><\/figure>\n<\/div>\n\n\n<p>Entgegen aller Vorurteile gegen\u00fcber traditionellen Blasorchestern bedienen wir ein weit umfassendes Musikrepertoire mit bekannten St\u00fccken aus Filmmusik, Rock und Pop, Klassik, sinfonische Werke sowie M\u00e4rsche und Polkas.<br>Der Schwierigkeitsgrad liegt dabei zwischen 1,5 und 3 (von insgesamt 6 Stufen) somit sind die moderaten Anforderungen an Mitwirkende Junior- oder Bronze-\/D1-Leistungsabzeichen.<\/p>\n\n\n\n<p>Zu h\u00f6ren gibt es uns immer am Fr\u00fchjahreskonzert der BMG, beim Wei\u00dfwurstkonzert im Sommer, am Adventskonzert und zur Kinderchristmette in der Gebenbacher Kirche. <\/p>\n\n\n<div class=\"wp-block-image\">\n<figure class=\"aligncenter size-large is-resized\"><a href=\"https:\/\/wp.blasmusik-gebenbach.de\/wp-content\/uploads\/NWO-WWK.jpg\" data-rel=\"lightbox-image-1\" data-magnific_type=\"image\" data-rl_title=\"NWO WWK\" data-rl_caption=\"\" title=\"NWO WWK\"><img loading=\"lazy\" decoding=\"async\" width=\"1024\" height=\"681\" src=\"https:\/\/wp.blasmusik-gebenbach.de\/wp-content\/uploads\/NWO-WWK-1024x681.jpg\" alt=\"Wei\u00dfwurstkonzert mit dem Nachwuchsorchester\" class=\"wp-image-1661\" style=\"width:512px;height:341px\" srcset=\"https:\/\/wp.blasmusik-gebenbach.de\/wp-content\/uploads\/NWO-WWK-1024x681.jpg 1024w, https:\/\/wp.blasmusik-gebenbach.de\/wp-content\/uploads\/NWO-WWK-300x199.jpg 300w, https:\/\/wp.blasmusik-gebenbach.de\/wp-content\/uploads\/NWO-WWK-768x510.jpg 768w, https:\/\/wp.blasmusik-gebenbach.de\/wp-content\/uploads\/NWO-WWK-1536x1021.jpg 1536w, https:\/\/wp.blasmusik-gebenbach.de\/wp-content\/uploads\/NWO-WWK.jpg 1920w\" sizes=\"auto, (max-width: 1024px) 100vw, 1024px\" \/><\/a><figcaption class=\"wp-element-caption\">Wei\u00dfwurstkonzert mit dem Nachwuchsorchester<\/figcaption><\/figure>\n<\/div>\n\n\n<p class=\"has-text-align-left\">Gegr\u00fcndet wurde unser Nachwuchsorchester bereits 2002 von seinem ersten Dirigenten Siegfried Siegert. Mehr als f\u00fcnf Jahre stand Sonja Dirschedl am Dirigentenpult. Von 2011 &#8211; 2024 pr\u00e4gte Angelika Sch\u00f6pf, Musikp\u00e4dagogin und Lehrerin, die Geschicke des Nachwuchsorchesters. Unter ihrer F\u00fchrung wuchs nicht nur die Anzahl der jungen Musiker und Musikerinnen, sondern auch das Niveau des Repertoire konnte angehoben werden, was den anschlie\u00dfenen \u00dcbergang ins Gesamtorchester erleichtert.<br><br>Seit 2024 kn\u00fcpfen Corolin Ruppert, Maria Dotzler und Paula Dotzler and die Arbeit an und f\u00fchren das Nachwuchsorchester.<\/p>\n\n\n\n<p class=\"has-text-align-left\">Du wirst sehen:<\/p>\n\n\n\n<p class=\"has-text-align-center\"><strong>ES IST NIE ZU SP\u00c4T EIN INSTRUMENT ZU LERNEN<br>FANGE JETZT DAMIT AN!<\/strong><\/p>\n\n\n\n<div class=\"wp-block-columns is-layout-flex wp-container-core-columns-is-layout-9d6595d7 wp-block-columns-is-layout-flex\">\n<div class=\"wp-block-column is-vertically-aligned-center is-layout-flow wp-block-column-is-layout-flow\">\n<figure class=\"wp-block-image size-full\"><img loading=\"lazy\" decoding=\"async\" width=\"1006\" height=\"850\" src=\"https:\/\/wp.blasmusik-gebenbach.de\/wp-content\/uploads\/NWO-Carolin-Ruppert.jpg\" alt=\"\" class=\"wp-image-3913\" srcset=\"https:\/\/wp.blasmusik-gebenbach.de\/wp-content\/uploads\/NWO-Carolin-Ruppert.jpg 1006w, https:\/\/wp.blasmusik-gebenbach.de\/wp-content\/uploads\/NWO-Carolin-Ruppert-300x253.jpg 300w, https:\/\/wp.blasmusik-gebenbach.de\/wp-content\/uploads\/NWO-Carolin-Ruppert-768x649.jpg 768w\" sizes=\"auto, (max-width: 1006px) 100vw, 1006px\" \/><figcaption class=\"wp-element-caption\">Carolin Ruppert<\/figcaption><\/figure>\n<\/div>\n\n\n\n<div class=\"wp-block-column is-vertically-aligned-center is-layout-flow wp-block-column-is-layout-flow\">\n<figure class=\"wp-block-image size-full\"><img loading=\"lazy\" decoding=\"async\" width=\"927\" height=\"850\" src=\"https:\/\/wp.blasmusik-gebenbach.de\/wp-content\/uploads\/NWO-Maria-Dotzler.jpg\" alt=\"\" class=\"wp-image-3914\" srcset=\"https:\/\/wp.blasmusik-gebenbach.de\/wp-content\/uploads\/NWO-Maria-Dotzler.jpg 927w, https:\/\/wp.blasmusik-gebenbach.de\/wp-content\/uploads\/NWO-Maria-Dotzler-300x275.jpg 300w, https:\/\/wp.blasmusik-gebenbach.de\/wp-content\/uploads\/NWO-Maria-Dotzler-768x704.jpg 768w\" sizes=\"auto, (max-width: 927px) 100vw, 927px\" \/><figcaption class=\"wp-element-caption\">Maria Dotzler<\/figcaption><\/figure>\n<\/div>\n\n\n\n<div class=\"wp-block-column is-vertically-aligned-center is-layout-flow wp-block-column-is-layout-flow\">\n<figure class=\"wp-block-image size-full\"><img loading=\"lazy\" decoding=\"async\" width=\"740\" height=\"850\" src=\"https:\/\/wp.blasmusik-gebenbach.de\/wp-content\/uploads\/NWO-Paula-Dotzler.jpg\" alt=\"\" class=\"wp-image-3915\" srcset=\"https:\/\/wp.blasmusik-gebenbach.de\/wp-content\/uploads\/NWO-Paula-Dotzler.jpg 740w, https:\/\/wp.blasmusik-gebenbach.de\/wp-content\/uploads\/NWO-Paula-Dotzler-261x300.jpg 261w\" sizes=\"auto, (max-width: 740px) 100vw, 740px\" \/><figcaption class=\"wp-element-caption\">Paula Dotzler<\/figcaption><\/figure>\n<\/div>\n<\/div>\n\n\n\n<p><\/p>\n\n\n\n<div class=\"wp-block-qubely-icon qubely-block-b4f10d\"><div class=\"qubely-block-icon-wrapper \"><div class=\"qubely-block-icon\"><a class=\"qubely-icon-block-anchor\" href=\"javascript:self.scrollTo(0,0);\"><i class=\"fas fa-angle-up\"><\/i><\/a><\/div><\/div><\/div>\n","protected":false},"excerpt":{"rendered":"<p>Das Nachwuchsorchester In unserem Nachwuchsorchester hat sich die letzten Jahre viel getan. Wir sind mittlerweile nicht mehr nur eine Gruppe musizierender Kinder und Jugendlicher, sondern&hellip;<\/p>\n","protected":false},"author":1,"featured_media":0,"parent":0,"menu_order":0,"comment_status":"closed","ping_status":"closed","template":"","meta":{"qubely_global_settings":"","qubely_interactions":"","inline_featured_image":false,"_uag_custom_page_level_css":"","footnotes":""},"class_list":["post-56","page","type-page","status-publish","hentry"],"uagb_featured_image_src":{"full":false,"thumbnail":false,"medium":false,"medium_large":false,"large":false,"1536x1536":false,"2048x2048":false,"qubely_landscape":false,"qubely_portrait":false,"qubely_thumbnail":false},"uagb_author_info":{"display_name":"wp_admin","author_link":"https:\/\/wp.blasmusik-gebenbach.de\/?author=1"},"uagb_comment_info":0,"uagb_excerpt":"Das Nachwuchsorchester In unserem Nachwuchsorchester hat sich die letzten Jahre viel getan. Wir sind mittlerweile nicht mehr nur eine Gruppe musizierender Kinder und Jugendlicher, sondern&hellip;","_links":{"self":[{"href":"https:\/\/wp.blasmusik-gebenbach.de\/index.php?rest_route=\/wp\/v2\/pages\/56","targetHints":{"allow":["GET"]}}],"collection":[{"href":"https:\/\/wp.blasmusik-gebenbach.de\/index.php?rest_route=\/wp\/v2\/pages"}],"about":[{"href":"https:\/\/wp.blasmusik-gebenbach.de\/index.php?rest_route=\/wp\/v2\/types\/page"}],"author":[{"embeddable":true,"href":"https:\/\/wp.blasmusik-gebenbach.de\/index.php?rest_route=\/wp\/v2\/users\/1"}],"replies":[{"embeddable":true,"href":"https:\/\/wp.blasmusik-gebenbach.de\/index.php?rest_route=%2Fwp%2Fv2%2Fcomments&post=56"}],"version-history":[{"count":2,"href":"https:\/\/wp.blasmusik-gebenbach.de\/index.php?rest_route=\/wp\/v2\/pages\/56\/revisions"}],"predecessor-version":[{"id":3916,"href":"https:\/\/wp.blasmusik-gebenbach.de\/index.php?rest_route=\/wp\/v2\/pages\/56\/revisions\/3916"}],"wp:attachment":[{"href":"https:\/\/wp.blasmusik-gebenbach.de\/index.php?rest_route=%2Fwp%2Fv2%2Fmedia&parent=56"}],"curies":[{"name":"wp","href":"https:\/\/api.w.org\/{rel}","templated":true}]}}